) = 2*h**2 - 100*h - 320. What is f(53)?
-2
Let j(b) = -b**3 + 42*b**2 - 42*b + 383. What is j(41)?
342
Let k(i) = 2*i**2 - 63*i - 464. Determine k(36).
-140
Let a(t) = -1124*t + 12368. Give a(11).
4
Let x(o) = o**3 + 29*o**2 - 28*o - 746. What is x(-29)?
66
Let g(m) = 83*m**2 + 19*m + 32. Determine g(-2).
326
Let k(h) = -h**3 - 55*h**2 + 236*h - 33. Determine k(-59).
-33
Let c(x) = 2*x**2 - 46*x - 399. What is c(-8)?
97
Let m(n) = -3*n**2 + 62*n - 282. What is m(6)?
-18
Let b(p) = 6*p + 179. Give b(-30).
-1
Let c(i) = 543*i + 9775. Determine c(-18).
1
Let f(h) = -18*h**2 - 110*h + 1. Calculate f(-4).
153
Let h(u) = u**3 - 17*u**2 + 75*u - 59. Give h(6).
-5
Let h(y) = -2*y**3 + 17*y**2 - 20*y + 58. Calculate h(7).
65
Let w(m) = 5*m**2 - 29*m + 81. What is w(4)?
45
Let i(f) = -12*f**2 - 299*f + 51. Calculate i(-24).
315
Let p(x) = 13*x - 139. What is p(13)?
30
Let r(b) = 19*b - 257. Determine r(12).
-29
Let r(i) = 2090*i. Give r(0).
0
Let k(d) = 698*d + 6978. Determine k(-10).
-2
Let v(c) = 665*c - 5992. What is v(9)?
-7
Let i(s) = s**3 + 36*s**2 + 166*s - 2068. What is i(-27)?
11
Let m(p) = -p**3 + 20*p**2 - 20*p + 32. Calculate m(19).
13
Let w(f) = f**3 - 10*f**2 - 24*f + 9. Calculate w(13).
204
Let b(c) = c**2 + 31*c - 140. What is b(-34)?
-38
Let h(b) = -252*b - 28471. Calculate h(-113).
5
Let n(s) = -2*s**2 - 156*s + 1010. Give n(-84).
2
Let g(d) = -282*d - 2353. What is g(-8)?
-97
Let k(h) = -2*h**2 + 60*h - 110. Give k(26).
98
Let q(a) = 5*a**2 - 117*a - 119. Calculate q(-1).
3
Let o(f) = -45*f - 319. Determine o(-2).
-229
Let p(u) = 7129*u - 21443. Calculate p(3).
-56
Let c(o) = o**3 - 13*o**2 + 11*o + 78. Determine c(11).
-43
Let n(i) = -3*i**2 - 35*i - 98. Give n(-3).
-20
Let c(i) = -i**2 - 17*i + 1046. Determine c(25).
-4
Let q(a) = -a**2 - 254*a - 15874. Give q(-143).
-1
Let s(b) = b**3 + 17*b**2 + 52*b + 254. Give s(-15).
-76
Let c(v) = 3*v**2 - 48*v + 118. Calculate c(3).
1
Let l(m) = -2*m**2 + 130*m + 16. Calculate l(65).
16
Let z(x) = -151*x + 29. What is z(2)?
-273
Let z(n) = -3*n**2 + 113*n + 357. What is z(-3)?
-9
Let t(y) = y**2 + 12*y - 133. Determine t(9).
56
Let c(a) = -5*a**3 - 13*a**2 + 15*a + 50. Calculate c(-5).
275
Let z(o) = -3*o**3 + 25*o**2 + 13*o - 151. What is z(8)?
17
Let n(l) = -14*l**3 - 8*l - 24. What is n(4)?
-952
Let a(k) = 67*k + 2078. What is a(-28)?
202
Let o(z) = -z**2 - 3064*z + 6128. Give o(2).
-4
Let z(d) = 3*d**3 + 160*d**2 - 277*d - 111. Determine z(-55).
-1
Let j(q) = -4*q**2 + 134*q + 354. What is j(36)?
-6
Let z(q) = 10*q**2 + 8*q + 5. What is z(-5)?
215
Let z(w) = -w**2 - 138*w - 3921. What is z(-40)?
-1
Let o(t) = t**3 - 33*t**2 + 139*t + 70. Calculate o(28).
42
Let h(y) = 13*y**3 - 8*y**2 - 9*y. Calculate h(-1).
-12
Let o(z) = 762*z + 1527. What is o(-2)?
3
Let h(w) = -w**3 + 20*w**2 - 40*w + 9. What is h(18)?
-63
Let y(z) = -168*z**2 - 1009*z - 11. What is y(-6)?
-5
Let b(y) = y**3 - 5*y**2 - 1386*y + 9612. Give b(7).
8
Let n(p) = -9*p**2 - 832*p + 4147. Determine n(5).
-238
Let f(a) = 4*a + 84. Determine f(-24).
-12
Let x(z) = 2*z**2 - 8*z - 879. Give x(23).
-5
Let q(s) = -12*s**2 - 10*s + 9. Calculate q(1).
-13
Let s(j) = 591*j + 3506. Calculate s(-6).
-40
Let x(w) = 2*w**3 + 136*w**2 - 287*w - 488. Calculate x(-70).
2
Let p(b) = -b**2 + 261*b - 780. What is p(3)?
-6
Let h(i) = -987*i - 86848. Give h(-88).
8
Let l(a) = a**3 - 30*a**2 - 169*a - 115. Calculate l(35).
95
Let q(g) = -3*g**2 + 158*g + 1287. What is q(-7)?
34
Let w(t) = 237*t**2 - 2609*t + 5. Give w(11).
-17
Let d(v) = v**3 - 5*v**2 - 23*v - 30. What is d(8)?
-22
Let c(n) = 957*n - 10531. Determine c(11).
-4
Let x(l) = 141*l - 565. Give x(4).
-1
Let l(y) = 2*y**3 - 7*y**2 - 12*y + 20. Give l(6).
128
Let m(b) = -54*b**2 - 262*b + 39. Determine m(-5).
-1
Let j(w) = -w**2 - 703*w + 5669. What is j(8)?
-19
Let d(f) = 2*f**3 - 266*f**2 + 776*f + 24. Determine d(3).
12
Let l(f) = -217*f**2 + 5*f + 6. What is l(-1)?
-216
Let n(g) = -540*g - 1097. What is n(-2)?
-17
Let n(j) = 11*j**2 + 50*j + 184. Calculate n(-4).
160
Let c(g) = 8*g - 47. What is c(9)?
25
Let l(w) = -w**3 - 10*w**2 - 34*w - 10. Calculate l(-9).
215
Let a(g) = g**2 + 42*g + 177. Determine a(-36).
-39
Let x(d) = -237*d - 840. Calculate x(-6).
582
Let l(u) = -4*u**2 + 7*u + 46. Calculate l(-6).
-140
Let y(z) = z**3 - 287*z**2 + 1388*z + 6207. Determine y(282).
3
Let y(m) = -2*m**2 + 162*m + 3320. Give y(98).
-12
Let m(u) = 3*u**3 - 4*u**2 - 77*u. Calculate m(-7).
-686
Let z(a) = -72*a - 715. What is z(-15)?
365
Let o(w) = -35*w**3 - 3*w**2 - 8*w + 8. Calculate o(1).
-38
Let d(s) = -s**3 - 27*s**2 + 275*s + 8466. Determine d(-22).
-4
Let i(p) = 39*p**2 - 8. Give i(2).
148
Let o(c) = 2*c**3 + 111*c**2 - 289*c + 53. Give o(-58).
-5
Let p(k) = -k**3 - 4*k**2 + 99*k - 2. Give p(-12).
-38
Let k(x) = 2*x**3 + 3*x**2 + 45*x + 393. Give k(-5).
-7
Let k(w) = 2*w**2 + 90*w - 93. What is k(-46)?
-1
Let v(g) = g**3 - 10*g**2 - 57*g + 35. Calculate v(15).
305
Let n(s) = -30*s - 423. Calculate n(-16).
57
Let o(y) = 16*y + 130. What is o(-11)?
-46
Let o(h) = h**2 - 48*h + 511. What is o(13)?
56
Let r(v) = 3*v**3 + 43*v**2 + 20*v + 91. What is r(-14)?
7
Let l(i) = -2*i**3 - 45*i**2 + 20*i + 119. Calculate l(-23).
188
Let c(b) = -113*b + 644. What is c(3)?
305
Let v(m) = 1257*m + 3762. Determine v(-3).
-9
Let g(w) = -6*w**3 + 22*w**2 - 30*w + 53. Give g(3).
-1
Let a(j) = 5*j**3 + 11*j**2 - 25*j - 44. Give a(-3).
-5
Let z(w) = -314*w - 855. What is z(-3)?
87
Let i(t) = -24*t + 293. Calculate i(31).
-451
Let z(k) = 66*k**2 + 2174*k - 139. Give z(-33).
-7
Let k(l) = 2*l**2 + 39*l - 12. Calculate k(-20).
8
Let s(y) = y**3 - 14*y**2 - 38*y + 57. Determine s(16).
-39
Let s(l) = 2*l**2 + 4610*l - 9224. What is s(2)?
4
Let a(g) = g**3 + 14*g**2 - 15*g - 75. Calculate a(-15).
-75
Let o(b) = 4*b**3 - b**2 + 22*b - 49. Calculate o(2).
23
Let q(l) = -l**2 - 439*l - 35523. Determine q(-107).
1
Let d(g) = 463*g + 1321. What is d(-3)?
-68
Let h(k) = -k**2 - 84*k - 332. Calculate h(-4).
-12
Let x(n) = -17*n**2 - 1890*n - 329. Give x(-111).
4
Let i(b) = -34*b - 545. Give i(-18).
67
Let q(l) = 5*l - 604. Give q(119).
-9
Let u(p) = 3*p**3 + 25*p**2 - 28*p - 94. What is u(-9)?
-4
Let y(b) = b**2 - 43*b - 2236. Calculate y(74).
58
Let b(v) = 1782*v + 10706. What is b(-6)?
14
Let r(w) = -w**2 - 885*w - 13881. Give r(-16).
23
Let a(x) = -95*x + 37. What is a(3)?
-248
Let z(q) = 72*q**2 + 791*q - 17. Determine z(-11).
-6
Let m(i) = -10*i + 161. Calculate m(-47).
631
Let z(l) = l**2 - 13*l - 26. Calculate z(20).
114
Let s(x) = 60*x + 802. What is s(-20)?
-398
Let c(z) = 6*z - 104. What is c(11)?
-38
Let d(t) = 3*t**2 + 69*t - 174. Determine d(-32).
690
Let s(q) = q**3 - 2*q**2 + 4*q + 31. Determine s(-2).
7
Let y(q) = q**2 - 63*q - 415. Give y(69).
-1
Let b(z) = 3*z**3 - 7*z**2 - 52*z + 30. Calculate b(-5).
-260
Let u(t) = -343*t - 2725. Give u(-8).
19
Let k(a) = 100*a - 1093. Determine k(11).
7
Let i(m) = 3*m**3 - 321*m**2 - 326*m + 211. Calculate i(108).
-5
Let m(f) = -84*f - 99. Give m(-2).
69
Let f(a) = -17302*a + 51910. Determine f(3).
4
Let m(n) = n + 65. Determine m(-62).
3
Let g(i) = -55*i - 842. Give g(-14).
-72
Let n(l) = -3*l**3 - 55*l**2 - 244*l + 16. Calculate n(-8).
-16
Let t(f) = -2*f**2 - 68*f + 6624. Calculate t(43).
2
Let o(u) = 741*u + 12604. Give o(-17).
7
Let z(k) = 31*k + 151. Calculate z(-4).
27
Let i(b) = -b**3 - 50*b**2 - 20*b - 870. Calculate i(-50).
130
Let w(a) = 3*a**3 - 114*a**2 - 14*a + 516. Give w(38).
-16
Let g(i) = i**2 - 7*i - 1217. Determine g(-29).
-173
Let p(c) = 2*c**2 + 20*c - 236. Calculate p(18).
772
Let i(m) = -m**3 - 31*m**2 - 121*m + 31. What is i(-5)?
-14
Let i(m) = 4*m**3 - 7*m**2 - m - 9. Calculate i(3).
33
Let k(h) = -12*h + 821. Give k(68).
5
Let r(k) = -4*k**3 - 24*k**2 - 20*k + 55. Give r(-4).
7
Let z(k) = -k**3 + 7*k**2 + 7*k. Determine z(-2).
22
Let u(j) = -24*j**2 - 126*j - 32. What is u(-5)?
-2
Let s(r) = r**3 + 94*r**2 - 385*r + 19. Give s(4).
47
Let z(k) = 33*k - 2407. Determine z(80).
233
Let u(f) = 2*f**2 + f. Calculate u(-2).
6
Let w(p) = -5437*p - 48932. What is w(-9)?
1
Let m(d) = -301*d - 53885. Give m(-179).
-6
Let j(c) = -c**2 + 352*c + 2869. What is j(-8)?
-11
Let d(s) = -28*s - 42. Determine d(6).
-210
Let y(g) = -7*g**2 - 119*g + 9. Calcula